 40*g - 19. Let c be f(-14). Suppose -74 = -2*n + 2*k, -c*n = -6*n + 3*k - 81. Is 9 a factor of n?
False
Let d = -69 - -44. Let f = 110 - d. Does 9 divide f?
True
Let w be -2*1 - 12/6*-2. Suppose 3*j + 20 = -w*j, -5*j - 71 = -3*z. Is 3 a factor of z?
False
Let a = -1324 - -2734. Does 10 divide a?
True
Let z = -525 + 644. Is 3 a factor of z?
False
Does 2 divide (-1614)/(-14) + 10/(-35)?
False
Let n be -9*((-2)/6 + 0). Suppose 4*f + 0*l = l + 18, -4 = -n*f - 4*l. Let z = 13 - f. Is z a multiple of 4?
False
Is 15 a factor of 2*-5*14964/(-290)?
False
Suppose -12*w = -5*w. Suppose -c + 78 + 94 = 2*q, w = -q - 4*c + 72. Is 11 a factor of q?
True
Suppose 3*m = 3*f - 15, 6*m - 5 = 2*m - f. Suppose -8*b - b + 216 = m. Is 12 a factor of b?
True
Does 12 divide -1 + -2322*(-6)/9?
False
Suppose -n - g + 4 + 9 = 0, 4*g + 2 = 2*n. Let z = n - -11. Does 5 divide z?
True
Let x(c) = c**2 + 32. Suppose 0 = -9*r + 2*r. Is x(r) a multiple of 8?
True
Suppose -3*w + i = -25, 3*i - i + 8 = 0. Suppose 3*j - w*j + 48 = 2*v, -j + 18 = 2*v. Suppose -6*k = -p - 4*k + j, 2*p - 18 = 5*k. Is 14 a factor of p?
True
Let c = 671 - 221. Suppose 4*a + c = 9*a. Is a a multiple of 13?
False
Let g(k) = k**3 - 6*k**2 - 38*k + 280. Is g(14) a multiple of 28?
True
Let m = 1618 - 954. Is m a multiple of 7?
False
Let s = -120 + 123. Is 13741/35 + s/(-5) a multiple of 49?
True
Let g = 1582 - 1531. Does 43 divide g?
False
Suppose -2*b = 3*c - 6*b + 87, -4*c - 116 = b. Let a = c - -65. Suppose -3*u - a = -5*u. Does 9 divide u?
True
Suppose -18*s - 11*s + 2291 = 0. Suppose -3 + 13 = 2*z. Let w = z + s. Does 14 divide w?
True
Suppose 3*f + 0*f - 19 = -5*q, f - q - 1 = 0. Suppose -t = -f*t + 576. Suppose -4*x = -0 - t. Is x a multiple of 18?
True
Let m be -1*3/6*-46. Is 1*16*m/46 a multiple of 8?
True
Is -6 + (-42)/(-3 + -4) - -1808 a multiple of 113?
True
Let y be (-4 + (2 - -1))*8. Let t be (-150 - y) + 0 + -2. Let s = t - -204. Is s a multiple of 23?
False
Suppose -7 + 1 = -3*s. Let i(x) = 33*x**2 + x - 4. Let g be i(s). Let u = g - 93. Is u a multiple of 11?
False
Is (-70)/(10 - 195/18) a multiple of 4?
True
Let i(c) = 373*c - 16. Is i(3) a multiple of 10?
False
Does 3 divide (-771)/(-6) + 8/(-16)?
False
Let t(y) = -282*y. Let b be t(1). Does 7 divide 5 - 21/4 - b/8?
True
Let y(s) = 27*s - 205. Is y(15) a multiple of 20?
True
Suppose -3*w = 2*q - 1380, 0*w = -w - 5*q + 447. Is w a multiple of 7?
True
Let z(b) = -b**3 - 5*b**2 + 5*b - 8. Let t be z(-6). Let v be (-3)/12*86*t. Suppose -3*k + v = -11. Is k a multiple of 18?
True
Suppose 34*y + 608 = 50*y. Suppose -5*q = -2*l - 2 - 8, -q - 4*l = 20. Suppose 3*z - y + 11 = q. Is z a multiple of 9?
True
Suppose -2*y - v + 21 + 54 = 0, 2*y = v + 81. Does 3 divide y?
True
Let d = 1 - -4. Suppose 0*w - d*w + 98 = 2*h, -82 = -2*h - w. Does 17 divide h?
False
Let l = 15 + -13. Suppose 30 = n + 3*n - 3*q, 10 = n - l*q. Is n a multiple of 6?
True
Let k(q) = 17*q + 16. Suppose 3*d + 11 = 6*d + 5*z, -43 = -5*d + 4*z. Does 27 divide k(d)?
True
Is (8 + -3)*1*(27 - 5) a multiple of 5?
True
Let j(s) = -5*s + 215. Does 54 divide j(7)?
False
Let a(i) = -214*i + 194. Does 16 divide a(-5)?
True
Suppose 15*o - 964 = 6056. Does 18 divide o?
True
Let t(p) = -2*p - 9. Let s be t(-6). Suppose b - 5*f - 154 = 0, s*b + 2*b = 2*f + 655. Does 21 divide b?
False
Let p be (18/10 - 1)*-5. Let j = p - -6. Is (0 + 47 - -3)/j a multiple of 7?
False
Suppose -5*g = -0*g - 5*l - 5, -4*g - 3*l - 3 = 0. Let a be (g/(-4))/(-3) - -5. Suppose -55 = a*r - 330. Is 11 a factor of r?
True
Let x(l) = -4*l + 3. Let a be x(-8). Let g = 84 - a. Does 13 divide g?
False
Let i = 18 - 28. Is i/(-3)*378/35 a multiple of 9?
True
Suppose -s + 763 + 1646 = 0. Is 11 a factor of s?
True
Suppose -o + 4*o = 0. Suppose -5*b = 4*i - 22, o = -2*i - 3*b + b + 10. Suppose -i*n + 2*p + 187 + 61 = 0, 5*n - 422 = -p. Is n a multiple of 28?
True
Let y(w) = w**3 - 2*w**2 + 6*w + 1. Let u be y(6). Suppose -3*s + d = -u, 2*d - 37 - 35 = -s. Does 31 divide s?
True
Does 10 divide 2/10 - ((-1045)/25 - -6)?
False
Let u(q) = -3*q**3 + 12*q**2 + 7*q + 4. Does 22 divide u(-10)?
False
Suppose -u - 5*a - 1079 = -5*u, 0 = 5*a + 15. Let f = 450 - u. Is 16 a factor of f?
False
Let d(q) = -55*q**2 + q + 1. Let b be (-14)/(-7)*(-1)/2. Let l be d(b). Does 9 divide 90/4*(-66)/l?
True
Suppose -5*b - 31 = -2*u, -87 = -20*u + 16*u + 5*b. Is 5 a factor of u?
False
Let q(h) be the third derivative of h**5/60 + 7*h**4/24 + 13*h**3/6 + 16*h**2. Does 12 divide q(-8)?
False
Suppose 0 = -2*i + g - 7, -1 + 16 = 3*g. Let n be i/(-5) - (-19)/5. Suppose 0 = n*h - 56 + 12. Is 9 a factor of h?
False
Suppose z + 5*b = -74, -3*z + 18 = 2*b + 227. Let a = 97 + z. Is 22 a factor of a?
False
Suppose -2818 + 35146 = 12*f. Is f a multiple of 40?
False
Suppose 0 = -z + 3*z - 20. Suppose -z = 4*d - 3*t - 1, 4*t = 3*d + 12. Is (18*(-1 + d))/(-1) a multiple of 6?
True
Does 13 divide -772*5/(-10 + 0)?
False
Let s be 10/(-3) - (-2)/6. Let a(l) = 1355*l - 3. Let c be a(1). Does 17 divide c/39 - (-2)/s?
True
Suppose -3*f + 4*q = -7 + 8, -5*q = -3*f - 5. Suppose -4*k + c = -310, 17 = k + f*c - 71. Is 13 a factor of k?
True
Let l be (338/39)/((-2)/18). Let v = l + -2. Let b = v - -132. Is 8 a factor of b?
False
Suppose -2*j + 5*c - 11 = 0, -j + 2*c + 3*c = 13. Let z(k) = -k**3 + 28 + 16*k + 16*k**j - 32*k**2 - 10. Is 8 a factor of z(-17)?
False
Let c = -32 - -19. Let m = -12 - c. Let p(f) = 62*f**3 + f. Is p(m) a multiple of 22?
False
Suppose 32*f - 39*f = -3528. Does 12 divide f?
True
Let o(m) = 2*m**2 + 50*m + 1. Is 26 a factor of o(-35)?
False
Let l(w) = -28*w + 176. Does 8 divide l(0)?
True
Let l = 22 - 20. Suppose 2*u - v = v + 208, 3*v + 212 = l*u. Does 20 divide u?
True
Let l(y) be the second derivative of y**5/20 - 11*y**4/12 + y**3/6 + 12*y**2 + 19*y. Does 16 divide l(11)?
False
Suppose -2*x = -0*x + 2*x. Does 12 divide (x - 6 - -2) + (46 - 6)?
True
Suppose -16*c = -10276 - 14748. Is 68 a factor of c?
True
Let p be 2*2/(-4)*-2. Let d(m) = 5 - m**3 + 0*m - 7*m**p + 2*m**3 - 2 + m. Does 5 divide d(7)?
True
Suppose 0 = -61*c + 66*c - 1545. Is 103 a factor of c?
True
Let b(w) = -w**2 + 30*w + 120. Does 7 divide b(32)?
True
Let d(f) = -64*f**2 + 7 + 4*f + 121*f**2 - 55*f**2. Does 4 divide d(-4)?
False
Let k(m) = 4*m + 15. Let z be k(-7). Is 15 a factor of (-16 - z)*116/(-6)?
False
Let t(r) = -r**3 - 17*r**2 - 39*r - 4. Let w(l) = -4*l**2 + 10*l - 19. Let k be w(2). Is t(k) a multiple of 8?
False
Suppose 28*f - 4133 + 17 = 0. Does 4 divide f?
False
Let l(x) = -2*x - 7 - 6*x + 11 + x**3 - 4*x**2 - 2*x**2. Let a be l(7). Is (a/(-3))/((-2)/(-46)) a multiple of 10?
False
Let a(i) = 7*i + 1. Let j(h) = h**3 + 8*h**2 + 4*h - 13. Let s be j(-7). Is a(s) a multiple of 6?
False
Suppose 4*n - 2275 = 4*a - 9*a, -n - 1382 = -3*a. Does 3 divide a?
True
Suppose 0 = -m + 5*t - 10, 0 = -5*m - 0*m + 4*t - 8. Suppose m = -3*p + 2*p + 80. Is p a multiple of 16?
True
Let o be 190/6*(0 + 1 - -2). Suppose -4*n - n + o = 0. Is 4 a factor of n?
False
Let m = 2662 + -502. Does 40 divide m?
True
Let y = -841 - -1186. Is y a multiple of 23?
True
Is 1/(-4) - 2365/(-20) - -2 a multiple of 15?
True
Is (3095 + -14)*(-3 - 22/(-6)) a multiple of 35?
False
Let w(j) be the first derivative of 2*j**3/3 - 13*j**2/2 - 14. Is w(12) a multiple of 12?
True
Let k = -53 - 7. Does 17 divide ((-204)/8)/(18/k)?
True
Suppose -g - 1 = -6. Suppose -r + 2*m = -17, -g*r + r = -5*m - 65. Does 18 divide (r/10*24)/1?
True
Suppose 11*j = 4*j + 483. Is 3 a factor of j?
True
Suppose 2*r + 660 = 2*b - r, -4*b = r - 1306. Is 46 a factor of b?
False
Let l(k) = -3*k**3 - 3*k**2 - 2*k - 2. Let h be l(-2). Suppose -12*r - 114 = -h*r. Does 19 divide r?
True
Suppose 0 = -0*l - 3*l + 96. Let s be l/14 - 10/35. Suppose 5*c + 130 = 3*j, -5*j + 252 = -s*c + 29. Is j a multiple of 12?
False
Let p(r) = -r + 7. Let y be p(9). Let a(o) = 10*o**2 + 2*o + 4. Is 8 a factor of a(y)?
True
Suppose -375 = -6*m + m. Suppose -5*b + m = 5*o, 2*o = b - 2*o - 40. Is 4 a factor of b?
True
Let p = 1659 - 767. Does 19 divide p?
False
Let b(r) = -r**2 + 16*r + 5. Let k be b(16). Suppose 12 + 18 = k*q. Is 3 a factor of q?
True
Let a(m) = 4*m**2 + 30*m + 8. Let j be a(-10). Does 15 divide (-2164)/(-18) - 3/(j/8)?
True
Let j(x) = -15*x + 99. Is 1